{"id":273,"date":"2020-04-08T18:40:11","date_gmt":"2020-04-08T16:40:11","guid":{"rendered":"http:\/\/lapocheaviolons.fr\/?page_id=273"},"modified":"2025-09-04T12:20:43","modified_gmt":"2025-09-04T10:20:43","slug":"environnement","status":"publish","type":"page","link":"https:\/\/lapocheaviolons.fr\/?page_id=273","title":{"rendered":"Atelier \u00e9co-responsable"},"content":{"rendered":"\n<p> Je compte vivre encore sur une plan\u00e8te accueillante pour les 70 ann\u00e9es \u00e0 venir, aussi, je suis attentive \u00e0 l\u2019empreinte \u00e9cologique et \u00e0 l\u2019impact humain de mon travail\u00a0:<\/p>\n\n\n\n<h2 class=\"wp-block-heading has-text-align-center has-text-color\" style=\"color:#c48f27\"><strong>CHOIX \u00c9COLOGIQUES<\/strong><\/h2>\n\n\n\n<p>Je fabrique et je vends des produits de <strong>qualit\u00e9<\/strong>, durables et con\u00e7us pour \u00eatre <strong>r\u00e9parables<\/strong>.<\/p>\n\n\n<div class=\"wp-block-image\">\n<figure class=\"alignleft size-medium\"><img decoding=\"async\" loading=\"lazy\" width=\"226\" height=\"300\" src=\"https:\/\/lapocheaviolons.fr\/wp-content\/uploads\/2019\/08\/Pe\u0302le-me\u0302le-vente-anciens-site-petit-226x300.png\" alt=\"\" class=\"wp-image-122\"\/><figcaption class=\"wp-element-caption\">VIOLONS ANCIENS<\/figcaption><\/figure><\/div>\n\n\n<p>Je vends des <a href=\"https:\/\/lapocheaviolons.fr\/?page_id=49\">violons anciens<\/a> pour laisser les arbres pousser pendant qu\u2019on use ces violons-l\u00e0.<\/p>\n\n\n\n<p>Je travaille avec des fournisseurs europ\u00e9ens (cordes, archets, violoncelles) pour conserver les <strong>savoir-faire<\/strong> sur notre territoire et pour <strong>limiter les transports<\/strong>.<\/p>\n\n\n\n<p>Je privil\u00e9gie la vente de produits (cordes, accessoires, \u00e9tuis) qui sont <strong>exempts de plastique<\/strong>.<\/p>\n\n\n\n<p>Les objets que je fabrique moi-m\u00eame \u00e0 l\u2019atelier \u00e0 La Roche sur Yon (instruments, <a href=\"https:\/\/lapocheaviolons.fr\/?page_id=54\">bo\u00eetes \u00e0 musique<\/a>, bretelles) sont 100\u00a0% recyclables (m\u00e9tal) et biod\u00e9gradables (bois, cuir, colles, vernis).<\/p>\n\n\n\n<h2 class=\"wp-block-heading has-text-align-center has-text-color\" style=\"color:#c48f27\"><strong>LA RELATION HUMAINE AVANT LE PROFIT<\/strong><\/h2>\n\n\n\n<p>L\u2019atelier est \u00e0 taille humaine&nbsp;pour permettre un <strong>accueil de qualit\u00e9<\/strong>, des commandes personnalis\u00e9es, une \u00e9coute des besoins de chacun(e) et des <strong>conseils pertinents.<\/strong><\/p>\n\n\n\n<p>Je travaille r\u00e9guli\u00e8rement avec mes <strong>coll\u00e8gues<\/strong> artisans des m\u00e9tiers d&rsquo;art locaux pour <strong>mutualiser<\/strong> des machines et des<strong> comp\u00e9tences<\/strong>.<\/p>\n\n\n\n<p>Je propose des <a href=\"https:\/\/lapocheaviolons.fr\/?page_id=51\">instruments en location<\/a> pour que chacun puisse d\u00e9buter \u00e0 prix modique sur du <strong>mat\u00e9riel de qualit\u00e9<\/strong> et pour privil\u00e9gier l\u2019usage des objets sur leur propri\u00e9t\u00e9.<\/p>\n\n\n\n<p>J\u2019organise des <a href=\"https:\/\/lapocheaviolons.fr\/?page_id=239\">stages<\/a> pour <strong>initier petits et grands<\/strong>, de 10 \u00e0 90 ans, au plaisir de fabriquer <strong>soi-m\u00eame<\/strong> de <strong>beaux objets<\/strong>, avec une base technique fiable et des <strong>outils simples<\/strong>.<\/p>\n\n\n\n<h2 class=\"wp-block-heading has-text-align-center has-text-color\" style=\"color:#c48f27\"><strong>\u00c9NERGIE RENOUVELABLE<\/strong><\/h2>\n\n\n\n<p>L\u2019atelier est isol\u00e9 soigneusement, <strong>chauff\u00e9 au bois<\/strong> et aliment\u00e9 en \u00e9lectricit\u00e9 renouvelable par <a href=\"https:\/\/www.enercoop.fr\/\" target=\"_blank\" rel=\"noreferrer noopener\">Enercoop<\/a>.<\/p>\n\n\n\n<p>Pour la fabrication, j\u2019utilise de l\u2019<strong>\u00e9nergie humaine<\/strong> (la mienne !)&nbsp;: scie \u00e0 p\u00e9dale, outils \u00e0 main et&#8230; huile de coude.<\/p>\n\n\n\n<p class=\"has-text-align-left\">Pour <strong>\u00e9conomiser l&rsquo;\u00e9nergie<\/strong> n\u00e9cessaire \u00e0 faire fonctionner Internet, j&rsquo;ai choisi de r\u00e9aliser un site tout simple, avec des images <strong>l\u00e9g\u00e8res<\/strong> plut\u00f4t que des vid\u00e9os qui surchargent les serveurs&#8230;<\/p>\n\n\n\n<h2 class=\"wp-block-heading has-text-align-center has-text-color\" style=\"color:#c48f27\"><strong>GESTION DES D\u00c9CHETS<\/strong><\/h2>\n\n\n\n<p>J\u2019ai une d\u00e9marche <strong>pro-active<\/strong> de r\u00e9duction des d\u00e9chets \u00e0 la source, en privil\u00e9giant les produits peu emball\u00e9s.<\/p>\n\n\n\n<p>Je r\u00e9pare les<strong> \u00e9tuis anciens<\/strong> et leur fabrique des <strong>bretelles en cuir<\/strong> pour qu&rsquo;ils soient \u00ab\u00a0au go\u00fbt du jour\u00a0\u00bb et soient de nouveau utilis\u00e9s.<\/p>\n\n\n<div class=\"wp-block-image\">\n<figure class=\"alignright size-medium\"><img decoding=\"async\" loading=\"lazy\" width=\"300\" height=\"200\" src=\"https:\/\/lapocheaviolons.fr\/wp-content\/uploads\/2020\/04\/Bretelles-cuir-re\u0301duite-300x200.jpg\" alt=\"\" class=\"wp-image-298\"\/><\/figure><\/div>\n\n\n<p>Je valorise les d\u00e9chets de la partie \u00ab&nbsp;lutherie&nbsp;\u00bb pour leur donner une <strong>seconde vie<\/strong> lorsque je les transforme en <a href=\"https:\/\/lapocheaviolons.fr\/?page_id=54\">bo\u00eetes \u00e0 musique<\/a>&nbsp;: violons hors d\u2019usage, bois inutilisables, chutes, pi\u00e8ces de r\u00e9forme.<\/p>\n\n\n\n<p>Je trie tous les d\u00e9chets restants, avec un <strong>tri 9 flux<\/strong>&nbsp;: copeaux (WC secs) \/ chutes de bois (bois de chauffage) \/ d\u00e9chets compostables (chiffons, crins,\u2026) \/  recyclage des m\u00e9taux, des plastiques durs, des emballages, du papier et du carton \/ d\u00e9chets non-recyclables (moins de 30 kg par an).<\/p>\n\n\n\n<h2 class=\"wp-block-heading has-text-align-center has-text-color\" style=\"color:#c48f27\"><\/h2>\n","protected":false},"excerpt":{"rendered":"<p>Je compte vivre encore sur une plan\u00e8te accueillante pour les 70 ann\u00e9es \u00e0 venir, aussi, je suis attentive \u00e0 l\u2019empreinte \u00e9cologique et \u00e0 l\u2019impact humain de mon travail\u00a0: CHOIX \u00c9COLOGIQUES Je fabrique et je vends des produits de qualit\u00e9, durables et con\u00e7us pour \u00eatre r\u00e9parables. Je vends des violons anciens pour laisser les arbres pousser &hellip; <\/p>\n<p class=\"link-more\"><a href=\"https:\/\/lapocheaviolons.fr\/?page_id=273\" class=\"more-link\">Continuer la lecture<span class=\"screen-reader-text\"> de &laquo;&nbsp;Atelier \u00e9co-responsable&nbsp;&raquo;<\/span><\/a><\/p>\n","protected":false},"author":1,"featured_media":0,"parent":0,"menu_order":0,"comment_status":"closed","ping_status":"closed","template":"","meta":[],"_links":{"self":[{"href":"https:\/\/lapocheaviolons.fr\/index.php?rest_route=\/wp\/v2\/pages\/273"}],"collection":[{"href":"https:\/\/lapocheaviolons.fr\/index.php?rest_route=\/wp\/v2\/pages"}],"about":[{"href":"https:\/\/lapocheaviolons.fr\/index.php?rest_route=\/wp\/v2\/types\/page"}],"author":[{"embeddable":true,"href":"https:\/\/lapocheaviolons.fr\/index.php?rest_route=\/wp\/v2\/users\/1"}],"replies":[{"embeddable":true,"href":"https:\/\/lapocheaviolons.fr\/index.php?rest_route=%2Fwp%2Fv2%2Fcomments&post=273"}],"version-history":[{"count":20,"href":"https:\/\/lapocheaviolons.fr\/index.php?rest_route=\/wp\/v2\/pages\/273\/revisions"}],"predecessor-version":[{"id":909,"href":"https:\/\/lapocheaviolons.fr\/index.php?rest_route=\/wp\/v2\/pages\/273\/revisions\/909"}],"wp:attachment":[{"href":"https:\/\/lapocheaviolons.fr\/index.php?rest_route=%2Fwp%2Fv2%2Fmedia&parent=273"}],"curies":[{"name":"wp","href":"https:\/\/api.w.org\/{rel}","templated":true}]}}