{"id":319,"date":"2020-06-30T11:28:57","date_gmt":"2020-06-30T09:28:57","guid":{"rendered":"http:\/\/lapocheaviolons.fr\/?page_id=319"},"modified":"2023-11-14T10:54:39","modified_gmt":"2023-11-14T09:54:39","slug":"recyclage-de-violons-et-detuis","status":"publish","type":"page","link":"https:\/\/lapocheaviolons.fr\/?page_id=319","title":{"rendered":"Recyclage de violons et R\u00e9paration d&rsquo;\u00e9tuis"},"content":{"rendered":"\n<figure class=\"wp-block-gallery has-nested-images columns-0 is-cropped wp-block-gallery-1 is-layout-flex\">\n<figure class=\"wp-block-image size-large\"><img decoding=\"async\" loading=\"lazy\" width=\"1024\" height=\"768\" data-id=\"327\"  src=\"https:\/\/lapocheaviolons.fr\/wp-content\/uploads\/2020\/06\/me\u0301canisme-universel-pose\u0301-1024x768.jpg\" alt=\"\" class=\"wp-image-327\"\/><figcaption class=\"wp-element-caption\">m\u00e9canisme pos\u00e9 avec la \u00ab\u00a0pigouille\u00a0\u00bb<\/figcaption><\/figure>\n\n\n\n<figure class=\"wp-block-image size-large\"><img decoding=\"async\" loading=\"lazy\" width=\"500\" height=\"334\" data-id=\"298\"  src=\"https:\/\/lapocheaviolons.fr\/wp-content\/uploads\/2020\/04\/Bretelles-cuir-re\u0301duite-e1655376415776.jpg\" alt=\"\" class=\"wp-image-298\"\/><figcaption class=\"wp-element-caption\">Pose de bretelles sur \u00e9tui ancien<\/figcaption><\/figure>\n<\/figure>\n\n\n\n<h2 class=\"wp-block-heading has-text-color\" style=\"color:#c48f27\"><strong>Recyclage  de violons<\/strong><\/h2>\n\n\n\n<p>Certains violons sont <strong>irr\u00e9cup\u00e9rables<\/strong>. Pour <strong>mettre en valeur<\/strong> ces instruments, je propose de leur donner une <strong>seconde vie<\/strong>&#8230; en y  installant un m\u00e9canisme de bo\u00eete \u00e0 musique. Cette technique est enti\u00e8rement <strong>r\u00e9versible<\/strong> : je fabrique une \u00ab\u00a0pique\u00a0\u00bb sur mesure qui porte le m\u00e9canisme musical. Elle peut \u00eatre <strong>ins\u00e9r\u00e9e <\/strong>\u00e0 la place du bouton (voir photo ci-dessus) ou \u00e0 la place d&rsquo;une cheville. <\/p>\n\n\n\n<p><a href=\"https:\/\/lapocheaviolons.fr\/?page_id=54\">+ d&rsquo;infos sur la page des Bo\u00eetes \u00e0 musique&#8230;<\/a><\/p>\n\n\n\n<p><\/p>\n\n\n\n<h2 class=\"wp-block-heading has-text-color\" style=\"color:#c48f27\"><strong>Up-cyclage d&rsquo;\u00e9tui et Pose de bretelles sur \u00e9tuis anciens (bois)<\/strong><\/h2>\n\n\n\n<p>Je pose des bretelles en cuir sur les \u00e9tuis anciens (en bon \u00e9tat) pour faciliter leur manipulation lors du transport.<\/p>\n\n\n\n<p>Je r\u00e9pare remplace aussi les poign\u00e9es si elles sont us\u00e9es.<\/p>\n\n\n\n<figure class=\"wp-block-gallery has-nested-images columns-default is-cropped wp-block-gallery-3 is-layout-flex\">\n<figure class=\"wp-block-image size-large\"><img decoding=\"async\" data-id=\"298\"  src=\"https:\/\/lapocheaviolons.fr\/wp-content\/uploads\/2020\/04\/Bretelles-cuir-re\u0301duite.jpg\" alt=\"\" class=\"wp-image-298\"\/><\/figure>\n<\/figure>\n\n\n\n<p>Les bretelles sont fabriqu\u00e9es par mes soins, en cuir (tannage v\u00e9g\u00e9tal). Toute la bouclerie est en m\u00e9tal (100 % recyclable et fabriqu\u00e9 en Europe).<\/p>\n\n\n\n<p>Elles sont r\u00e9glables et amovibles.<\/p>\n\n\n\n<p><strong>Tarif :<\/strong> paire de bretelles cuir avec la pose = 99 euros<\/p>\n","protected":false},"excerpt":{"rendered":"<p>Recyclage de violons Certains violons sont irr\u00e9cup\u00e9rables. Pour mettre en valeur ces instruments, je propose de leur donner une seconde vie&#8230; en y installant un m\u00e9canisme de bo\u00eete \u00e0 musique. Cette technique est enti\u00e8rement r\u00e9versible : je fabrique une \u00ab\u00a0pique\u00a0\u00bb sur mesure qui porte le m\u00e9canisme musical. Elle peut \u00eatre ins\u00e9r\u00e9e \u00e0 la place du &hellip; <\/p>\n<p class=\"link-more\"><a href=\"https:\/\/lapocheaviolons.fr\/?page_id=319\" class=\"more-link\">Continuer la lecture<span class=\"screen-reader-text\"> de &laquo;&nbsp;Recyclage de violons et R\u00e9paration d&rsquo;\u00e9tuis&nbsp;&raquo;<\/span><\/a><\/p>\n","protected":false},"author":1,"featured_media":0,"parent":0,"menu_order":0,"comment_status":"closed","ping_status":"closed","template":"","meta":[],"_links":{"self":[{"href":"https:\/\/lapocheaviolons.fr\/index.php?rest_route=\/wp\/v2\/pages\/319"}],"collection":[{"href":"https:\/\/lapocheaviolons.fr\/index.php?rest_route=\/wp\/v2\/pages"}],"about":[{"href":"https:\/\/lapocheaviolons.fr\/index.php?rest_route=\/wp\/v2\/types\/page"}],"author":[{"embeddable":true,"href":"https:\/\/lapocheaviolons.fr\/index.php?rest_route=\/wp\/v2\/users\/1"}],"replies":[{"embeddable":true,"href":"https:\/\/lapocheaviolons.fr\/index.php?rest_route=%2Fwp%2Fv2%2Fcomments&post=319"}],"version-history":[{"count":16,"href":"https:\/\/lapocheaviolons.fr\/index.php?rest_route=\/wp\/v2\/pages\/319\/revisions"}],"predecessor-version":[{"id":818,"href":"https:\/\/lapocheaviolons.fr\/index.php?rest_route=\/wp\/v2\/pages\/319\/revisions\/818"}],"wp:attachment":[{"href":"https:\/\/lapocheaviolons.fr\/index.php?rest_route=%2Fwp%2Fv2%2Fmedia&parent=319"}],"curies":[{"name":"wp","href":"https:\/\/api.w.org\/{rel}","templated":true}]}}