{"id":72,"date":"2019-08-23T14:29:31","date_gmt":"2019-08-23T12:29:31","guid":{"rendered":"http:\/\/lapocheaviolons.fr\/?page_id=72"},"modified":"2022-06-17T00:04:51","modified_gmt":"2022-06-16T22:04:51","slug":"accident","status":"publish","type":"page","link":"https:\/\/lapocheaviolons.fr\/?page_id=72","title":{"rendered":"Accident"},"content":{"rendered":"\n<figure class=\"wp-block-image size-large\"><img decoding=\"async\" loading=\"lazy\" width=\"404\" height=\"303\" src=\"https:\/\/lapocheaviolons.fr\/wp-content\/uploads\/2021\/03\/accident.jpg\" alt=\"\" class=\"wp-image-508\" srcset=\"https:\/\/lapocheaviolons.fr\/wp-content\/uploads\/2021\/03\/accident.jpg 404w, https:\/\/lapocheaviolons.fr\/wp-content\/uploads\/2021\/03\/accident-300x225.jpg 300w\" sizes=\"(max-width: 404px) 100vw, 404px\" \/><figcaption>Accident grave\u2026<\/figcaption><\/figure>\n\n\n\n<p>Si votre instrument re\u00e7oit un choc ou que vous <a href=\"https:\/\/lapocheaviolons.fr\/?page_id=418\">constatez une anomalie<\/a>, voici la marche \u00e0 suivre :<\/p>\n\n\n\n<h2 class=\"has-text-color wp-block-heading\" style=\"color:#c48f27\">En cas d&rsquo;accident&#8230;<\/h2>\n\n\n\n<p><strong><em>Pour les instruments \u00e0 cordes frott\u00e9es (violon, alto, violoncelle, contrebasse, pochette, etc) :<\/em><\/strong><\/p>\n\n\n\n<p>1 &#8211; s&rsquo;il y a des <a href=\"https:\/\/lapocheaviolons.fr\/?page_id=418\">morceaux cass\u00e9s<\/a>, conservez les pr\u00e9cieusement<\/p>\n\n\n\n<figure class=\"wp-block-image size-large is-resized\"><img decoding=\"async\" loading=\"lazy\" src=\"https:\/\/lapocheaviolons.fr\/wp-content\/uploads\/2021\/03\/Fracture-2.jpg\" alt=\"\" class=\"wp-image-486\" width=\"160\" height=\"227\"\/><figcaption>Fracture (=cassure) sur la table d&rsquo;un alto<\/figcaption><\/figure>\n\n\n\n<p>2 &#8211; placez un petit morceau de tissu sous le cordier pour qu&rsquo;il n&rsquo;entre pas en contact avec la table<\/p>\n\n\n\n<figure class=\"wp-block-image size-large is-resized\"><img decoding=\"async\" loading=\"lazy\" src=\"https:\/\/lapocheaviolons.fr\/wp-content\/uploads\/2021\/03\/chiffon.png\" alt=\"\" class=\"wp-image-485\" width=\"160\" height=\"169\" srcset=\"https:\/\/lapocheaviolons.fr\/wp-content\/uploads\/2021\/03\/chiffon.png 319w, https:\/\/lapocheaviolons.fr\/wp-content\/uploads\/2021\/03\/chiffon-283x300.png 283w\" sizes=\"(max-width: 160px) 100vw, 160px\" \/><figcaption>Mettre un chiffon sous le cordier pour prot\u00e9ger la table lors du transport<\/figcaption><\/figure>\n\n\n\n<p>3 &#8211; d\u00e9tendez bien les cordes<\/p>\n\n\n\n<p>4 &#8211; \u00f4tez le chevalet et rangez le pr\u00e9cieusement \u00e0 part<\/p>\n\n\n\n<figure class=\"wp-block-image size-large is-resized\"><img decoding=\"async\" src=\"https:\/\/lapocheaviolons.fr\/wp-content\/uploads\/2021\/03\/chevalet-guide.png\" alt=\"\" class=\"wp-image-453\" width=\"160\" srcset=\"https:\/\/lapocheaviolons.fr\/wp-content\/uploads\/2021\/03\/chevalet-guide.png 384w, https:\/\/lapocheaviolons.fr\/wp-content\/uploads\/2021\/03\/chevalet-guide-300x209.png 300w\" sizes=\"(max-width: 384px) 100vw, 384px\" \/><figcaption>Chevalet de violon (pi\u00e8ce en bois blanc tr\u00e8s ouvrag\u00e9e)<\/figcaption><\/figure>\n\n\n\n<p>5 &#8211; remettez l&rsquo;instrument dans la bo\u00eete afin qu&rsquo;il soit bien prot\u00e9g\u00e9<\/p>\n\n\n\n<p>6 &#8211; apportez l&rsquo;instrument (et les morceaux cass\u00e9s) chez <a href=\"https:\/\/lapocheaviolons.fr\/?page_id=10\">votre luthier<\/a> qui jugera de la gravit\u00e9 de l&rsquo;accident, \u00e9tablira un devis et effectuera les r\u00e9parations<\/p>\n\n\n\n<p>7 &#8211; pr\u00e9venez votre assurance de l&rsquo;accident, elles prennent en charge les r\u00e9parations (sous conditions)<br><\/p>\n","protected":false},"excerpt":{"rendered":"<p>Si votre instrument re\u00e7oit un choc ou que vous constatez une anomalie, voici la marche \u00e0 suivre : En cas d&rsquo;accident&#8230; Pour les instruments \u00e0 cordes frott\u00e9es (violon, alto, violoncelle, contrebasse, pochette, etc) : 1 &#8211; s&rsquo;il y a des morceaux cass\u00e9s, conservez les pr\u00e9cieusement 2 &#8211; placez un petit morceau de tissu sous le &hellip; <\/p>\n<p class=\"link-more\"><a href=\"https:\/\/lapocheaviolons.fr\/?page_id=72\" class=\"more-link\">Continuer la lecture<span class=\"screen-reader-text\"> de &laquo;&nbsp;Accident&nbsp;&raquo;<\/span><\/a><\/p>\n","protected":false},"author":1,"featured_media":0,"parent":0,"menu_order":0,"comment_status":"closed","ping_status":"closed","template":"","meta":[],"_links":{"self":[{"href":"https:\/\/lapocheaviolons.fr\/index.php?rest_route=\/wp\/v2\/pages\/72"}],"collection":[{"href":"https:\/\/lapocheaviolons.fr\/index.php?rest_route=\/wp\/v2\/pages"}],"about":[{"href":"https:\/\/lapocheaviolons.fr\/index.php?rest_route=\/wp\/v2\/types\/page"}],"author":[{"embeddable":true,"href":"https:\/\/lapocheaviolons.fr\/index.php?rest_route=\/wp\/v2\/users\/1"}],"replies":[{"embeddable":true,"href":"https:\/\/lapocheaviolons.fr\/index.php?rest_route=%2Fwp%2Fv2%2Fcomments&post=72"}],"version-history":[{"count":11,"href":"https:\/\/lapocheaviolons.fr\/index.php?rest_route=\/wp\/v2\/pages\/72\/revisions"}],"predecessor-version":[{"id":679,"href":"https:\/\/lapocheaviolons.fr\/index.php?rest_route=\/wp\/v2\/pages\/72\/revisions\/679"}],"wp:attachment":[{"href":"https:\/\/lapocheaviolons.fr\/index.php?rest_route=%2Fwp%2Fv2%2Fmedia&parent=72"}],"curies":[{"name":"wp","href":"https:\/\/api.w.org\/{rel}","templated":true}]}}